t of 503?
5
What is the tens digit of 2490?
9
What is the thousands digit of 1988?
1
What is the tens digit of 134242?
4
What is the tens digit of 1566?
6
What is the units digit of 1173?
3
What is the tens digit of 3188?
8
What is the tens digit of 10649?
4
What is the tens digit of 899?
9
What is the tens digit of 4543?
4
What is the hundreds digit of 2440?
4
What is the units digit of 5207?
7
What is the units digit of 917?
7
What is the tens digit of 918?
1
What is the units digit of 32371?
1
What is the hundreds digit of 892?
8
What is the units digit of 536?
6
What is the hundreds digit of 8429?
4
What is the units digit of 37870?
0
What is the hundreds digit of 680?
6
What is the tens digit of 2663?
6
What is the ten thousands digit of 11206?
1
What is the thousands digit of 4664?
4
What is the hundreds digit of 10599?
5
What is the hundreds digit of 3518?
5
What is the units digit of 863?
3
What is the hundreds digit of 29641?
6
What is the thousands digit of 9718?
9
What is the hundreds digit of 3224?
2
What is the hundreds digit of 45644?
6
What is the ten thousands digit of 56592?
5
What is the tens digit of 1138?
3
What is the tens digit of 2494?
9
What is the hundreds digit of 2886?
8
What is the thousands digit of 7332?
7
What is the thousands digit of 3648?
3
What is the tens digit of 3895?
9
What is the hundreds digit of 894?
8
What is the thousands digit of 23137?
3
What is the tens digit of 18068?
6
What is the tens digit of 33000?
0
What is the units digit of 25436?
6
What is the hundreds digit of 1169?
1
What is the units digit of 2430?
0
What is the tens digit of 7734?
3
What is the units digit of 2216?
6
What is the hundreds digit of 172?
1
What is the tens digit of 777?
7
What is the hundreds digit of 20333?
3
What is the hundreds digit of 5714?
7
What is the thousands digit of 1777?
1
What is the tens digit of 626?
2
What is the ten thousands digit of 20756?
2
What is the tens digit of 3238?
3
What is the hundreds digit of 1276?
2
What is the tens digit of 9010?
1
What is the ten thousands digit of 17036?
1
What is the tens digit of 46056?
5
What is the hundreds digit of 24905?
9
What is the tens digit of 3261?
6
What is the tens digit of 23596?
9
What is the units digit of 66999?
9
What is the hundreds digit of 15716?
7
What is the units digit of 641?
1
What is the units digit of 7976?
6
What is the thousands digit of 6286?
6
What is the hundreds digit of 453?
4
What is the units digit of 1898?
8
What is the units digit of 111052?
2
What is the hundreds digit of 6344?
3
What is the hundreds digit of 4751?
7
What is the units digit of 45117?
7
What is the hundreds digit of 604?
6
What is the tens digit of 5519?
1
What is the ten thousands digit of 30781?
3
What is the hundreds digit of 1365?
3
What is the hundreds digit of 1320?
3
What is the units digit of 953?
3
What is the tens digit of 14882?
8
What is the hundreds digit of 25731?
7
What is the tens digit of 1503?
0
What is the thousands digit of 12522?
2
What is the hundreds digit of 2091?
0
What is the units digit of 81117?
7
What is the tens digit of 100?
0
What is the units digit of 1406?
6
What is the hundreds digit of 6421?
4
What is the hundreds digit of 2068?
0
What is the thousands digit of 5672?
5
What is the tens digit of 2760?
6
What is the units digit of 6999?
9
What is the thousands digit of 15360?
5
What is the thousands digit of 2007?
2
What is the hundreds digit of 1281?
2
What is the units digit of 15000?
0
What is the units digit of 457?
7
What is the ten thousands digit of 172375?
7
What is the tens digit of 8274?
7
What is the hundreds digit of 7350?
3
What is the tens digit of 24600?
0
What is the thousands digit of 3620?
3
What is the hundreds digit of 1748?
7
What is the tens digit of 26033?
3
What is the units digit of 370?
0
What is the units digit of 6969?
9
What is the thousands digit of 1035?
1
What is the hundreds digit of 32708?
7
What is the units digit of 65105?
5
What is the tens digit of 16897?
9
What is the hundreds digit of 1193?
1
What is the tens digit of 3010?
1
What is the tens digit of 3816?
1
What is the tens digit of 22548?
4
What is the thousands digit of 1210?
1
What is the hundreds digit of 19093?
0
What is the hundreds digit of 3337?
3
What is the tens digit of 43369?
6
What is the units digit of 17432?
2
What is the hundreds digit of 3833?
8
What is the ten thousands digit of 10360?
1
What is the ten thousands digit of 21156?
2
What is the tens digit of 1198?
9
What is the units digit of 2755?
5
What is the tens digit of 14838?
3
What is the ten thousands digit of 15777?
1
What is the units digit of 447?
7
What is the tens digit of 1930?
3
What is the hundreds digit of 29278?
2
What is the thousands digit of 6552?
6
What is the tens digit of 997?
9
What is the tens digit of 4138?
3
What is the thousands digit of 12685?
2
What is the units digit of 2502?
2
What is the units digit of 3585?
5
What is the tens digit of 283?
8
What is the thousands digit of 2526?
2
What is the hundreds digit of 408?
4
What is the hundreds digit of 22017?
0
What is the tens digit of 1591?
9
What is the tens digit of 28924?
2
What is the ten thousands digit of 24344?
2
What is the tens digit of 19406?
0
What is the hundreds digit of 6414?
4
What is the tens digit of 802?
0
What is the hundreds digit of 74407?
4
What is the units digit of 25?
5
What is the thousands digit of 2128?
2
What is the tens digit of 1958?
5
What is the units digit of 21842?
2
What is the hundreds digit of 9388?
3
What is the thousands digit of 87803?
7
What is the thousands digit of 22111?
2
What is the hundreds digit of 264?
2
What is the units digit of 38685?
5
What is the thousands digit of 97308?
7
What is the tens digit of 102587?
8
What is the tens digit of 3045?
4
What is the units digit of 1223?
3
What is the thousands digit of 12916?
2
What is the units digit of 2256?
6
What is the tens digit of 59523?
2
What is the tens digit of 1244?
4
What is the thousands digit of 1503?
1
What is the tens digit of 193956?
5
What is the ten thousands digit of 59185?
5
What is the hundreds digit of 19855?
8
What is the thousands digit of 3519?
3
What is the thousands digit of 3080?
3
What is the tens digit of 2909?
0
What is the thousands digit of 1684?
1
What is the hundreds digit of 2014?
0
What is the tens digit of 1843?
4
What is the thousands digit of 20175?
0
What is the hundreds digit of 1830?
8
What is the hundreds digit of 8903?
9
What is the hundred thousands digit of 133879?
1
What is the hundreds digit of 3286?
2
What is the units digit of 961?
1
What is the thousands digit of 12277?
2
What is the hundreds digit of 1819?
8
What is the units digit of 37943?
3
What is the units digit of 50168?
8
What is the units digit of 1881?
1
What is the units digit of 17325?
5
What is the hundreds digit of 110500?
5
What is the tens digit of 796?
9
What is the hundreds digit of 3777?
7
What is the thousands digit of 1218?
1
What is the units digit of 2000?
0
What is the units digit of 920?
0
What is the units digit of 617?
7
What is the tens digit of 821?
2
What is the units digit of 27068?
8
What is the thousands digit of 91535?
1
What is the tens digit of 853?
5
What is the thousands digit of 2398?
2
What is the tens digit of 456?
5
What is the tens digit of 14237?
3
What is the hundred thousands digit of 147226?
1
What is the hundreds digit of 1874?
8
What is the units digit of 10181?
1
What is the tens digit of 4010?
1
What is the thousands digit of 1827?
1
What is the units digit of 8381?
1
What is the units digit of 9967?
7
What is the tens digit of 1818?
1
What is the thousands digit of 28363?
8
What is the hundreds digit of 3993?
9
What is the hundreds digit of 8464?
4
What is the units digit of 9801?
1
What is the thousands digit of 22922?
2
What is the hundreds digit of 10237?
2
What is the thousands digit of 13040?
3
What is the thousands digit of 6148?
6
What is the units digit of 87615?
5
What is the units digit of 581?
1
What is the units digit of 115379?
9
What is the tens digit of 1636?
3
What is the thousands digit of 4352?
4
What is the units digit of 1638?
8
What is the hundreds digit of 704?
7
What is the units digit of 113936?
6
What is the tens dig